 x(l) = 66*l + 54. Let h be x(-4). Let a = 5083 + h. Is a a composite number?
True
Is (-40 - (-1226414)/(-3))/(4/(-6)) prime?
True
Suppose 2*v + 0*v - 4*w = -14576, 5*v = 4*w - 36410. Let p be v/4*20/(-15). Suppose 5*n - p = 6579. Is n prime?
True
Let a(g) = 2*g**3 - 72*g**2 + 6*g - 77. Is a(44) a prime number?
False
Suppose 49*m - 10025 - 602475 = 0. Suppose -8446 = -6*z + m. Is z composite?
False
Let r(s) = -161*s + 114. Let f be r(-20). Let b = -555 + f. Is b prime?
False
Is 6/(86/645 - (-61496)/(-461445)) a composite number?
True
Suppose 14*v - 21336 = 16*v. Let w = 22299 + v. Is w prime?
False
Let p(h) be the second derivative of 277*h**3/6 + 6*h**2 - 7*h. Suppose 5*u - 40 = 3*c - 0*c, -4*u + 4*c = -40. Is p(u) composite?
True
Let j = 167699 + 34578. Is j a prime number?
True
Suppose 4*x - 2294 + 2206 = 0. Suppose 10*z + 68652 = x*z. Is z a composite number?
True
Suppose 2*a = 4*y - 2*a, -2*y - 1 = -a. Let v be (-1 - y)/((5 - -1) + -4). Suppose o + j - 783 = v, j = -3*o + 4*j + 2373. Is o a composite number?
False
Let s = -100 + 103. Suppose 3*p + o = 10062 - 1372, 2*o = -s*p + 8689. Is p a composite number?
False
Suppose 292*o - 257*o - 770945 = 0. Is o a prime number?
True
Suppose -3*b - 5*r - 24 = 0, 4*r + 3 = -7*b + 10*b. Let x(p) = -2*p - 3. Let d be x(b). Suppose 0 = -d*j + 5*v - 0*v + 1118, v = -j + 370. Is j prime?
False
Let f(b) = 22*b + 28. Let m(h) = -21*h - 28. Let q(u) = -4*f(u) - 3*m(u). Let r(k) = -14*k**2 - 1. Let o be r(1). Is q(o) a prime number?
True
Suppose 4*f = 4*r + 7*f - 71781, -4*r - 5*f = -71787. Suppose 10*q = -3*g + 5*q + r, -5*g + 29905 = -3*q. Is g a composite number?
False
Let l(b) = -215*b - 40. Suppose -4*m - 26 = -6. Let f be l(m). Let x = f + -182. Is x a composite number?
False
Let w = 361 - 355. Suppose -w*y = s - y - 3256, s - 3249 = 2*y. Is s composite?
False
Let p = 13833 + -5509. Suppose -f - 24503 - p = -b, 5*b = 4*f + 164139. Is b prime?
True
Suppose -2*l = -2*f - 948, 3*l = -12*f + 17*f + 1412. Is l prime?
True
Let v = -1783 - -2777. Let f(a) = 4*a**2 + 9*a - 48. Let r be f(6). Suppose 0 = 4*h + r - v. Is h a composite number?
False
Suppose q - 722*c - 300968 = -723*c, 5*c = -q + 300948. Is q composite?
False
Is (-2)/13 - ((-5 - 2) + (-58551360)/65) a prime number?
True
Let q(u) = -22586*u + 3183. Is q(-34) a composite number?
True
Let s(x) be the first derivative of -137*x**3/3 - 5*x**2 - 24*x - 9. Let n be s(-9). Let z = n + 15562. Is z prime?
False
Let q(o) = o**2 - 15*o - 87. Let m be q(20). Suppose 0 = -m*t + 61 + 17. Suppose 3*p + d + 112 = t*p, 5*p = 4*d + 189. Is p a composite number?
False
Let x = 401 + -436. Is 1942 + x/10*-2 a composite number?
False
Suppose -5*s + 3*p - 47 = 0, -s + 2*s + p + 3 = 0. Is (-23)/((-69)/61860) - s composite?
False
Let x(c) = 7*c**3 - 11*c**2 - 18*c - 14. Let z be x(-7). Let r = z + 5323. Is r prime?
False
Suppose -41*k + 71*k - 1432050 = 0. Is k prime?
False
Let j = -24 + 15. Let g(w) = -7*w**3 + 10*w**2 + 16*w + 10. Is g(j) composite?
False
Suppose -12*b + 2516603 = -2*b + 225313. Is b a composite number?
True
Let k(q) = 37*q**2 - 19*q - 2. Let r be k(15). Suppose 0 = -7*h + 3435 + r. Is h prime?
False
Let g be (-768)/(-144)*(-849)/(-2). Let i = g - -89. Is i a prime number?
False
Let l(z) = 3*z**2 + 21*z - 31. Suppose 0 = -49*o + 51*o - 46. Is l(o) composite?
False
Let c(r) = -r**3 + 5*r**2 - 6*r + 3. Let m be c(4). Let x(s) = -s**2 - 3*s + 9. Let p be x(m). Is 208 - p*((-3)/1 + 6) a prime number?
True
Let q(m) = -m**3 - 2*m**2 + 2. Let d be q(-2). Let i = -5 + d. Is (46/(-8))/(i/12) a composite number?
False
Let a = 183 + 332. Let s = a - 304. Is s a prime number?
True
Let c(b) = 129*b**2 + 3*b + 11. Let q(w) = -w**2 + 9*w + 41. Let s be q(12). Is c(s) a composite number?
False
Let c(t) = -t**3 - t**2 - 2*t + 2. Let k be c(2). Let u(o) be the third derivative of -11*o**4/4 - 13*o**3/6 + 562*o**2. Is u(k) a prime number?
True
Let l be 10 + 2 + 8/(-2). Suppose 10*i - o = l*i + 50198, 75295 = 3*i - o. Is i composite?
False
Suppose 19013445 = 5*w + 4*j, 288*w - 7605345 = 286*w + 5*j. Is w composite?
True
Let t = 5822 - 5193. Is t a composite number?
True
Suppose -1349*o = -1427*o + 12200682. Is o a prime number?
True
Suppose -395984 = 1360*f - 1376*f. Is f a prime number?
True
Suppose -48 + 63 = 5*a. Suppose 0*m - 2*m + 2749 = a*x, -927 = -x + 2*m. Is x a prime number?
True
Let v be -24 + 30 - (1 + 3142). Let c = 4680 + v. Is c a prime number?
True
Let s(z) = -5 + 0*z - 2 + 3*z. Suppose 3*r = -b - 12, -46*b + 44*b - 19 = 5*r. Is s(b) a composite number?
False
Let u(y) = 577*y**3 + y**2 - 3*y + 3. Let j be u(1). Is (j/2 - -2) + -2 a composite number?
True
Let o be 0 - 1*(-2026)/2. Let p = -542 + 628. Let c = o + p. Is c prime?
False
Let c(p) = p**2 + 2*p - 4. Let s be c(-4). Let u be (-2)/s + (-21)/(-6). Suppose 5*i - u*z + 1493 - 4204 = 0, i - 535 = -3*z. Is i composite?
False
Let v = -5513 - -8370. Let y(d) = 68*d**2 + 6*d - 8. Let l be y(-8). Let t = l - v. Is t composite?
False
Let i(o) be the third derivative of 2021*o**5/60 + o**4/3 - 7*o**3/6 - 4*o**2 - 33*o. Is i(-4) prime?
True
Let t(p) = -p**2 + 365*p + 971. Is t(0) composite?
False
Suppose w = 3*a + 98651, -w - 4*a + 55197 = -43482. Is w a prime number?
True
Is (-187297)/(-2) + (-40 - 243/(-6)) a composite number?
True
Suppose -5*w - 219250 + 1446757 = -4*j, -3*w + 3*j + 736503 = 0. Is w prime?
False
Suppose -238*f - 160501 = -53*f - 5412096. Is f a composite number?
False
Is (708222/8)/((-1215)/(-324)*2/10) a composite number?
False
Let g be 609 - (0 + 1 + -6). Suppose h - 377 = g. Is h a composite number?
False
Let p(j) = -533*j**3 - 2*j**2 + 149*j + 443. Is p(-3) a composite number?
False
Suppose -610135 - 7348342 = -113*x. Is x a composite number?
False
Is (-147)/(-126)*(-16)/28 + (-643844)/(-12) a prime number?
True
Suppose 0 = 11*h - 5*h - 30. Suppose 4*w = 4*a - 1836, a - 1838 = -3*a + h*w. Is a a prime number?
True
Suppose x + 4*r - 9969 = 0, 2*x - r = 5808 + 14112. Is x composite?
True
Let l(c) = 187072*c**2 - 47*c - 25. Is l(2) prime?
True
Is (2625/30)/35*(-115762)/(-5) a prime number?
True
Let j be 1/3*(0 + 3 + -3). Suppose 4*l = -3*f + 291 + 491, 5*f - 4*l - 1314 = j. Is f a composite number?
True
Suppose -6*a + 2*a + 0*a = 0. Let f be 3 + (-4 + (a - -17019) - 3). Suppose 0 = -37*t + 32*t + f. Is t composite?
True
Suppose -3*b - 12*b - 15 = 0. Is 5*(b + 0) + 58 prime?
True
Let c be (-153)/3 + -1*(-2)/(-2). Let u = c + 55. Suppose 5*r - r - 514 = u*g, -5*g - 645 = -5*r. Is r a prime number?
True
Let u(l) = -236*l + 8. Let a be u(-6). Suppose 52087 - 146659 = -31*k - 5*k. Let s = k + a. Is s a composite number?
False
Suppose 0 = 2*d - 2*k - 36, 4*d = -3*k + 15 + 29. Let s be d/(-77) - 70/(-22). Suppose -508 = -7*b + s*b. Is b a composite number?
False
Suppose -5*i = -5*x + 786075, -2*x - 19*i + 314422 = -22*i. Is x a prime number?
False
Let t(d) = 14899*d + 28. Let r be t(2). Suppose -h = 17*h - r. Is h composite?
False
Let w be 2/7 + 670/7. Suppose -2*m - 104 - 63 = -5*u, -5*u + w = -m. Let v = -48 - m. Is v a prime number?
True
Let b(x) = -5889*x + 76. Let v be b(6). Is (-95)/(-38) + v/(-4) a composite number?
True
Let a = 651021 - 198922. Is a prime?
False
Suppose -789*o + 1617946 = -767*o. Is o a composite number?
True
Let n(a) = -2*a**3 + 38*a**2 + 8*a - 25. Let k be ((-12)/(-8))/((-15)/(-940)). Let o = -75 + k. Is n(o) a prime number?
True
Let a(j) = j**3 + 3*j**2 + 4*j + 3. Let n be a(-3). Let l be (n/(-12) - 30/8)*-1. Suppose 9472 = 5*g + l*v, 2*g + g - 2*v = 5687. Is g composite?
True
Is 1 + -10 - (211 + -2085) composite?
True
Let p be 20/2*(-2)/(-4). Suppose 3*b - p*b = -10. Suppose -4*z - 2654 = -6*z - 5*r, 0 = -b*z - 3*r + 6597. Is z prime?
False
Suppose 2*o + 384466 = 2*f, -4*f - 29*o + 768948 = -25*o. Is f a prime number?
False
Let y(p) = 161*p**2 - 20*p + 4620. Is y(89) a prime number?
False
Let t = 128382 - 55373. Is t a prime number?
True
Suppose 9*a + 14*a = 230. Is 138944/a + -10*6/150 a composite number?
True
Let g be 16/6*(-18)/8. Is (-4)/g*(-23346)/(-4) a composite number?
True
Let y = -15786 - -22853. Is y prime?
False
Suppose -8*c = -5*c - 3*q - 538425, 2*q = -5*c + 897347. Is c a prime number?
True
Suppose 0 = 3*c - 9*c + 56040. Suppose -14*r - c = -24*r. I